= m + 57. What is the highest common factor of 81 and k?
9
Let c(b) = 102*b + 8733. Let l be c(-84). Calculate the greatest common divisor of l and 2508.
33
Let g be 2*(-2 + (-1263)/(-6)). Let k = g - 97. Suppose 58*u - 17*u - 1499 = 141. Calculate the greatest common factor of k and u.
40
Let g(f) = 25*f - 5. Let q be g(5). Suppose 12065*v + 524 = 12151*v - 2056. Calculate the highest common divisor of q and v.
30
Let d = -88 + 89. Let v(y) = -y**2 - 2*y + 9. Suppose n = g + 3, 0*n = -4*g - n - 17. Let f be v(g). What is the highest common factor of d and f?
1
Suppose -225 = 3*v - 12*v. Suppose -9720 = 16*c - v*c. Suppose -5*u = 5*r - c, 0*u - 4*u + 3*r = -892. Calculate the greatest common factor of u and 20.
20
Let w(n) = 2*n**3 - 5*n**2 + 1. Let u be w(2). Let o be -54*((-104)/12 - u). Calculate the highest common divisor of o and 9.
9
Let k = 9136 + -6598. Calculate the highest common divisor of k and 90.
18
Suppose 4*o = -2*k + 254, o + 26 = 4*k + 94. Calculate the greatest common divisor of 432 and o.
16
Suppose -1789 = -63*d - 655. Calculate the greatest common factor of d and 11754.
18
Let u(x) = x**2 + 24*x + 268. Let l be u(-26). Calculate the greatest common divisor of 560 and l.
80
Let m(w) = -w**2 - 3*w + 4. Let x be m(-7). Let n(u) = 2*u - 10. Let t be n(6). Let s be t*-9*-3*(-4)/x. What is the greatest common divisor of s and 36?
9
Let l = -659 + 1226. Suppose -j = -2400 + 2373. What is the highest common factor of j and l?
27
Let b(c) = -296*c - 295. Let n be b(-1). What is the highest common factor of 655 and n?
1
Let z(h) be the second derivative of 11*h**3/6 - 18*h**2 - 66*h. Let s be z(5). Calculate the greatest common divisor of 1 and s.
1
Let b(n) = n**3 + n**2 - 7*n - 2. Let y be b(-3). Let r(l) = 79*l + 797. Let q be r(-10). What is the greatest common factor of q and y?
1
Suppose -5*z - 3*q + 1533 = 0, 5*q = 333*z - 334*z + 311. Let d = -26 - -60. Calculate the highest common divisor of z and d.
34
Suppose 56*i - 18415 = 51*i + 4*c, -2*c - 14732 = -4*i. What is the greatest common divisor of i and 29?
29
Suppose 5*n - 2*a - 23 = -4*a, 0 = 3*n - 5*a + 11. Let d be 1/(-4) + 894/24 + 7. Let p = -23 + d. Calculate the greatest common factor of p and n.
3
Suppose y - 63 = -b, 27*b + 4*y + 203 = 30*b. What is the greatest common factor of 25 and b?
5
Suppose -4*s + 9327 = -9041. Calculate the greatest common divisor of 4 and s.
4
Suppose 3*p - 43 = -4. Let q be 7/(-28) + (-2810)/(-8) - -1. Let h = -261 + q. Calculate the highest common divisor of h and p.
13
Let w(p) = -p**3 - 11*p**2 + 42*p + 216. Let j be w(-13). What is the greatest common factor of 732 and j?
4
Let y = -19 + -22. Let w = y + 40. Let g be w/((-1244)/(-312) - 4). What is the highest common divisor of g and 13?
13
Let k(s) = 2*s**3 - 13*s**2 - 43*s - 8. Let i be k(9). Calculate the highest common divisor of 970 and i.
10
Let b(g) = -g**3 - 32*g**2 + 30*g - 79. Let y be b(-33). Suppose -y*i = -2163 - 117. Calculate the greatest common divisor of i and 608.
38
Let l(q) = 17*q + 14. Let y be ((-80)/6)/(22/66). Let s = y - -43. Let o be l(s). What is the greatest common divisor of o and 39?
13
Let x(j) = -j**2 + 66*j + 677. Let g be x(-9). Let o(z) = -z**2 + 11*z - 12. Let w be o(10). Let p be (-8)/5*5/w. What is the highest common divisor of g and p?
2
Suppose -6520 = -545*j + 535*j. What is the highest common factor of j and 9943?
163
Let h = 40 - 109. Let f be ((-18)/4)/(h/92). Let p be f/7*28/4. What is the greatest common factor of 42 and p?
6
Let i = 533 + -285. Suppose 0 = -8*t + i + 280. What is the greatest common factor of t and 22?
22
Let x(q) be the first derivative of 0*q**2 + q**3 - 15 + 2*q + 1/4*q**4. Let p be x(-3). What is the greatest common factor of 5 and p?
1
Suppose -52*x + 2995 = -47*x. Let v = 613 - x. What is the highest common divisor of 21 and v?
7
Let u(p) be the third derivative of 0*p - 19/3*p**3 + 1/2*p**4 + 4*p**2 + 0. Let n be u(6). What is the highest common divisor of 170 and n?
34
Let k be ((-3993)/66)/(2/(-252)). What is the highest common factor of 315 and k?
63
Suppose -x + 19 - 5 = 0. Let n = x + -2. Let i be 2 - n/(-8)*(-32)/(-6). What is the greatest common factor of 5 and i?
5
Let o = 191 - -68. Let k = 6 - 6. Suppose q - 3*h - 46 = k, -4*q = -3*h - 102 - 55. What is the greatest common divisor of q and o?
37
Let p = -4544 - -4919. Calculate the highest common factor of 80 and p.
5
Suppose -103*s - 83028 + 109083 = -115158. What is the highest common factor of s and 6?
3
Let t be (-6 + 5)*(-258)/(-9)*3. Let g = 143 + t. Let z be 2*g/3 - -2. What is the greatest common divisor of z and 8?
8
Let s be ((-357)/(-35) + -11)/((-1)/7310). What is the highest common factor of 272 and s?
136
Suppose 0 = 2*q - 5*p - 31 - 59, -4*p = -4*q + 156. Let x = q + -33. Suppose -6*s + 32 = -x*s. What is the highest common factor of 24 and s?
8
Suppose 8*t + 583 - 607 = 0. Suppose -10 = -3*m - 1. Suppose s = -0*s - m*f + 6, s - 21 = 2*f. What is the greatest common factor of s and t?
3
Suppose a = -5*u + 390, -828 = -2*a + 114*u - 116*u. Calculate the greatest common divisor of 1995 and a.
105
Let k be ((-120)/(-25)*-2)/(15/(-50)). Suppose -4*z + 31 - 15 = 0. Calculate the greatest common divisor of k and z.
4
Let z be ((-3)/(-2))/((-3)/(-12)). Suppose 2*o - 158 = -42. Suppose -g = -5*x - o + 302, -3*x - 4*g + 128 = 0. Calculate the highest common factor of x and z.
6
Let b(n) = -110*n - 186. Let r be b(-5). Calculate the highest common divisor of r and 756.
28
Let v(a) = 3*a**2 - 8*a + 13. Let l be v(4). Suppose -28*q = -l*q + 155. What is the highest common divisor of 31 and q?
31
Let v be ((-48)/14)/(2/(-105)). Let i be (-224)/(-8) + -15 + 59. Calculate the highest common divisor of i and v.
36
Suppose 18*j + 208 = -8*j. Let f be (-40)/j + 3 + 36. What is the highest common divisor of 20 and f?
4
Let q be (16/(-12))/(1/(-6)). Suppose -d + 5 = 0, 7*u + 12 = 5*u + 4*d. Suppose 600 = -u*t + q*t. What is the greatest common divisor of 25 and t?
25
Let f = -8 + 14. Let v be ((-3)/2)/(f/(-104)). Suppose 35*y - 121*y = -8944. Calculate the highest common divisor of y and v.
26
Let a(r) = -13*r**3 - 14*r**2 - 93*r - 4. Let l be a(-5). What is the highest common factor of l and 372?
124
Suppose 272 = 8*t + 64. Let h = 30 - t. Let p = -691 + 705. What is the greatest common divisor of h and p?
2
Suppose 3*j - 2198 + 1079 = 3*i, -5*j + i + 1869 = 0. Calculate the highest common divisor of 11033 and j.
187
Let f be (90/7)/((-184)/(-38640)). What is the greatest common divisor of 40 and f?
20
Let x(b) = 24 - 10*b**2 - 5*b - 7 + 9*b**2. Let q be x(-10). Let d be 88/q*(-3)/2. What is the highest common factor of 6 and d?
2
Suppose 34*o - 16 = 42*o. Let r be o/(-19) + (-636840)/(-1102). What is the greatest common factor of r and 17?
17
Suppose 15199 = 229*r - 23037 + 9382. What is the highest common divisor of r and 306?
18
Suppose 9*c + 2275 + 25661 = 0. Let j be c/(-8) + 4*-1. What is the highest common divisor of j and 480?
96
Let r(a) = -a**2 - 9*a - 10. Let n be r(-7). Suppose -q - 91 - 87 = -5*t, 5*t - 6*q - 168 = 0. What is the greatest common divisor of t and n?
4
Suppose 0 = -3*u + 7*u - 4. Let x be (-8715)/(-51) + 20/170. Let k = x - 166. Calculate the greatest common factor of u and k.
1
Suppose -29*b + 22*b = 47*b - 241380. What is the highest common divisor of b and 120?
30
Suppose -728 = 3*s + 322. Let w be (-8470)/s - 8/(-10). Calculate the greatest common factor of 125 and w.
25
Suppose -4650 - 93 = -3*t - 2*x, -4*t + 6366 = -2*x. What is the greatest common divisor of t and 897?
69
Suppose 0 = -18*u + 28196 - 18296. What is the highest common divisor of 1800 and u?
50
Suppose l - 36 = -2*l. Suppose 214*b = 44663 + 19537. Calculate the greatest common factor of b and l.
12
Let b(c) = 10*c + 116. Let p be b(-11). Let f be (-51)/(-9) - (-4)/12. What is the greatest common factor of f and p?
6
Let z be 3 - 11/(22/(-60)). Suppose -9*s - 6 + z = 0. Suppose 2*g = s*l + 140, -3*g + 4*l = -91 - 119. What is the highest common factor of g and 56?
14
Let w(o) = 3*o**2 + 91*o + 236. Let y be w(-33). Let k be -9 + 5 - (1 + (2 - 157)). Calculate the highest common factor of y and k.
50
Let v = -17621 - -17648. Suppose 3*j + 4*c = 2315, -4*j 